{"version":"1.0","provider_name":"Informe Litoral ","provider_url":"https:\/\/informelitoral.com.ar","title":"Piedras Blancas, presente en la FIT 2022 - Informe Litoral","type":"rich","width":600,"height":338,"html":"<blockquote class=\"wp-embedded-content\" data-secret=\"Bz0MekmKBi\"><a href=\"https:\/\/informelitoral.com.ar\/piedras-blancas-presente-en-la-fit-2022\/\">Piedras Blancas, presente en la FIT 2022<\/a><\/blockquote><iframe sandbox=\"allow-scripts\" security=\"restricted\" src=\"https:\/\/informelitoral.com.ar\/piedras-blancas-presente-en-la-fit-2022\/embed\/#?secret=Bz0MekmKBi\" width=\"600\" height=\"338\" title=\"\u00abPiedras Blancas, presente en la FIT 2022\u00bb \u2014 Informe Litoral \" data-secret=\"Bz0MekmKBi\" frameborder=\"0\" marginwidth=\"0\" marginheight=\"0\" scrolling=\"no\" class=\"wp-embedded-content\"><\/iframe><script type=\"text\/javascript\">\n\/* <![CDATA[ *\/\n\/*! This file is auto-generated *\/\n!function(d,l){\"use strict\";l.querySelector&&d.addEventListener&&\"undefined\"!=typeof URL&&(d.wp=d.wp||{},d.wp.receiveEmbedMessage||(d.wp.receiveEmbedMessage=function(e){var t=e.data;if((t||t.secret||t.message||t.value)&&!\/[^a-zA-Z0-9]\/.test(t.secret)){for(var s,r,n,a=l.querySelectorAll('iframe[data-secret=\"'+t.secret+'\"]'),o=l.querySelectorAll('blockquote[data-secret=\"'+t.secret+'\"]'),c=new RegExp(\"^https?:$\",\"i\"),i=0;i<o.length;i++)o[i].style.display=\"none\";for(i=0;i<a.length;i++)s=a[i],e.source===s.contentWindow&&(s.removeAttribute(\"style\"),\"height\"===t.message?(1e3<(r=parseInt(t.value,10))?r=1e3:~~r<200&&(r=200),s.height=r):\"link\"===t.message&&(r=new URL(s.getAttribute(\"src\")),n=new URL(t.value),c.test(n.protocol))&&n.host===r.host&&l.activeElement===s&&(d.top.location.href=t.value))}},d.addEventListener(\"message\",d.wp.receiveEmbedMessage,!1),l.addEventListener(\"DOMContentLoaded\",function(){for(var e,t,s=l.querySelectorAll(\"iframe.wp-embedded-content\"),r=0;r<s.length;r++)(t=(e=s[r]).getAttribute(\"data-secret\"))||(t=Math.random().toString(36).substring(2,12),e.src+=\"#?secret=\"+t,e.setAttribute(\"data-secret\",t)),e.contentWindow.postMessage({message:\"ready\",secret:t},\"*\")},!1)))}(window,document);\n\/\/# sourceURL=https:\/\/informelitoral.com.ar\/%77%70%2d%69%6e%63%6c%75%64%65%73\/js\/wp-embed.min.js\n\/* ]]> *\/\n<\/script>\n","thumbnail_url":"https:\/\/informelitoral.com.ar\/wp-content\/uploads\/2022\/10\/WhatsApp-Image-2022-10-02-at-23.07.07-1.jpeg","thumbnail_width":1600,"thumbnail_height":1200,"description":"La localidad del departamento La Paz form\u00f3 parte del stand de Entre R\u00edos, que particip\u00f3 en la Feria Internacional de Turismo (FIT) 2022, que se est\u00e1 desarrollando en el predio de La Rural, en la Ciudad Aut\u00f3noma de Buenos Aires."}

La localidad del departamento La Paz formó parte del stand de Entre Ríos, que participó en la Feria Internacional de Turismo (FIT) 2022, que se está desarrollando en el predio de La Rural, en la Ciudad Autónoma de Buenos Aires.
