{"version":"1.0","provider_name":"Informe Litoral ","provider_url":"https:\/\/informelitoral.com.ar","title":"Monge critic\u00f3 algunos puntos de la reforma pol\u00edtica - Informe Litoral","type":"rich","width":600,"height":338,"html":"<blockquote class=\"wp-embedded-content\" data-secret=\"0RInvBIm75\"><a href=\"https:\/\/informelitoral.com.ar\/monge-critico-algunos-puntos-de-la-reforma-politica\/\">Monge critic\u00f3 algunos puntos de la reforma pol\u00edtica<\/a><\/blockquote><iframe sandbox=\"allow-scripts\" security=\"restricted\" src=\"https:\/\/informelitoral.com.ar\/monge-critico-algunos-puntos-de-la-reforma-politica\/embed\/#?secret=0RInvBIm75\" width=\"600\" height=\"338\" title=\"\u00abMonge critic\u00f3 algunos puntos de la reforma pol\u00edtica\u00bb \u2014 Informe Litoral \" data-secret=\"0RInvBIm75\" frameborder=\"0\" marginwidth=\"0\" marginheight=\"0\" scrolling=\"no\" class=\"wp-embedded-content\"><\/iframe><script type=\"text\/javascript\">\n\/* <![CDATA[ *\/\n\/*! This file is auto-generated *\/\n!function(d,l){\"use strict\";l.querySelector&&d.addEventListener&&\"undefined\"!=typeof URL&&(d.wp=d.wp||{},d.wp.receiveEmbedMessage||(d.wp.receiveEmbedMessage=function(e){var t=e.data;if((t||t.secret||t.message||t.value)&&!\/[^a-zA-Z0-9]\/.test(t.secret)){for(var s,r,n,a=l.querySelectorAll('iframe[data-secret=\"'+t.secret+'\"]'),o=l.querySelectorAll('blockquote[data-secret=\"'+t.secret+'\"]'),c=new RegExp(\"^https?:$\",\"i\"),i=0;i<o.length;i++)o[i].style.display=\"none\";for(i=0;i<a.length;i++)s=a[i],e.source===s.contentWindow&&(s.removeAttribute(\"style\"),\"height\"===t.message?(1e3<(r=parseInt(t.value,10))?r=1e3:~~r<200&&(r=200),s.height=r):\"link\"===t.message&&(r=new URL(s.getAttribute(\"src\")),n=new URL(t.value),c.test(n.protocol))&&n.host===r.host&&l.activeElement===s&&(d.top.location.href=t.value))}},d.addEventListener(\"message\",d.wp.receiveEmbedMessage,!1),l.addEventListener(\"DOMContentLoaded\",function(){for(var e,t,s=l.querySelectorAll(\"iframe.wp-embedded-content\"),r=0;r<s.length;r++)(t=(e=s[r]).getAttribute(\"data-secret\"))||(t=Math.random().toString(36).substring(2,12),e.src+=\"#?secret=\"+t,e.setAttribute(\"data-secret\",t)),e.contentWindow.postMessage({message:\"ready\",secret:t},\"*\")},!1)))}(window,document);\n\/\/# sourceURL=https:\/\/informelitoral.com.ar\/%77%70%2d%69%6e%63%6c%75%64%65%73\/js\/wp-embed.min.js\n\/* ]]> *\/\n<\/script>\n","thumbnail_url":"https:\/\/www.isletasnoticias.com.ar\/wp-content\/uploads\/2018\/04\/diputado-J.Monge_.jpg","thumbnail_width":600,"thumbnail_height":600,"description":"El diputado provincial de Cambiemos, afirm\u00f3 que los art\u00edculos 54 y 55 del proyecto impulsado por el Poder Ejecutivo \u201cavanzan en facultades de la zona de reserva exclusiva del Poder Legislativo\u201d, como es la fecha de las elecciones. Adem\u00e1s, cuestion\u00f3 que no se haya convocado a las dem\u00e1s fuerzas para la elaboraci\u00f3n del proyecto."}

Monge criticó algunos puntos de la reforma política - Informe Litoral

<blockquote class="wp-embedded-content" data-secret="0RInvBIm75"><a href="https://informelitoral.com.ar/monge-critico-algunos-puntos-de-la-reforma-politica/">Monge criticó algunos puntos de la reforma política</a></blockquote><iframe sandbox="allow-scripts" security="restricted" src="https://informelitoral.com.ar/monge-critico-algunos-puntos-de-la-reforma-politica/embed/#?secret=0RInvBIm75" width="600" height="338" title="«Monge criticó algunos puntos de la reforma política» — Informe Litoral " data-secret="0RInvBIm75" frameborder="0" marginwidth="0" marginheight="0" scrolling="no" class="wp-embedded-content"></iframe><script type="text/javascript">
/* <![CDATA[ */
/*! This file is auto-generated */
!function(d,l){"use strict";l.querySelector&&d.addEventListener&&"undefined"!=typeof URL&&(d.wp=d.wp||{},d.wp.receiveEmbedMessage||(d.wp.receiveEmbedMessage=function(e){var t=e.data;if((t||t.secret||t.message||t.value)&&!/[^a-zA-Z0-9]/.test(t.secret)){for(var s,r,n,a=l.querySelectorAll('iframe[data-secret="'+t.secret+'"]'),o=l.querySelectorAll('blockquote[data-secret="'+t.secret+'"]'),c=new RegExp("^https?:$","i"),i=0;i<o.length;i++)o[i].style.display="none";for(i=0;i<a.length;i++)s=a[i],e.source===s.contentWindow&&(s.removeAttribute("style"),"height"===t.message?(1e3<(r=parseInt(t.value,10))?r=1e3:~~r<200&&(r=200),s.height=r):"link"===t.message&&(r=new URL(s.getAttribute("src")),n=new URL(t.value),c.test(n.protocol))&&n.host===r.host&&l.activeElement===s&&(d.top.location.href=t.value))}},d.addEventListener("message",d.wp.receiveEmbedMessage,!1),l.addEventListener("DOMContentLoaded",function(){for(var e,t,s=l.querySelectorAll("iframe.wp-embedded-content"),r=0;r<s.length;r++)(t=(e=s[r]).getAttribute("data-secret"))||(t=Math.random().toString(36).substring(2,12),e.src+="#?secret="+t,e.setAttribute("data-secret",t)),e.contentWindow.postMessage({message:"ready",secret:t},"*")},!1)))}(window,document);
//# sourceURL=https://informelitoral.com.ar/%77%70%2d%69%6e%63%6c%75%64%65%73/js/wp-embed.min.js
/* ]]> */
</script>

El diputado provincial de Cambiemos, afirmó que los artículos 54 y 55 del proyecto impulsado por el Poder Ejecutivo “avanzan en facultades de la zona de reserva exclusiva del Poder Legislativo”, como es la fecha de las elecciones. Además, cuestionó que no se haya convocado a las demás fuerzas para la elaboración del proyecto.
