{"version":"1.0","provider_name":"Informe Litoral ","provider_url":"https:\/\/informelitoral.com.ar","title":"La C\u00e1mara de Diputados rindi\u00f3 homenaje a Ra\u00fal Rey  - Informe Litoral","type":"rich","width":600,"height":338,"html":"<blockquote class=\"wp-embedded-content\" data-secret=\"A7c842NZAh\"><a href=\"https:\/\/informelitoral.com.ar\/la-camara-de-diputados-rindio-homenaje-a-raul-rey\/\">La C\u00e1mara de Diputados rindi\u00f3 homenaje a Ra\u00fal Rey<\/a><\/blockquote><iframe sandbox=\"allow-scripts\" security=\"restricted\" src=\"https:\/\/informelitoral.com.ar\/la-camara-de-diputados-rindio-homenaje-a-raul-rey\/embed\/#?secret=A7c842NZAh\" width=\"600\" height=\"338\" title=\"\u00abLa C\u00e1mara de Diputados rindi\u00f3 homenaje a Ra\u00fal Rey\u00bb \u2014 Informe Litoral \" data-secret=\"A7c842NZAh\" frameborder=\"0\" marginwidth=\"0\" marginheight=\"0\" scrolling=\"no\" class=\"wp-embedded-content\"><\/iframe><script type=\"text\/javascript\">\n\/* <![CDATA[ *\/\n\/*! This file is auto-generated *\/\n!function(d,l){\"use strict\";l.querySelector&&d.addEventListener&&\"undefined\"!=typeof URL&&(d.wp=d.wp||{},d.wp.receiveEmbedMessage||(d.wp.receiveEmbedMessage=function(e){var t=e.data;if((t||t.secret||t.message||t.value)&&!\/[^a-zA-Z0-9]\/.test(t.secret)){for(var s,r,n,a=l.querySelectorAll('iframe[data-secret=\"'+t.secret+'\"]'),o=l.querySelectorAll('blockquote[data-secret=\"'+t.secret+'\"]'),c=new RegExp(\"^https?:$\",\"i\"),i=0;i<o.length;i++)o[i].style.display=\"none\";for(i=0;i<a.length;i++)s=a[i],e.source===s.contentWindow&&(s.removeAttribute(\"style\"),\"height\"===t.message?(1e3<(r=parseInt(t.value,10))?r=1e3:~~r<200&&(r=200),s.height=r):\"link\"===t.message&&(r=new URL(s.getAttribute(\"src\")),n=new URL(t.value),c.test(n.protocol))&&n.host===r.host&&l.activeElement===s&&(d.top.location.href=t.value))}},d.addEventListener(\"message\",d.wp.receiveEmbedMessage,!1),l.addEventListener(\"DOMContentLoaded\",function(){for(var e,t,s=l.querySelectorAll(\"iframe.wp-embedded-content\"),r=0;r<s.length;r++)(t=(e=s[r]).getAttribute(\"data-secret\"))||(t=Math.random().toString(36).substring(2,12),e.src+=\"#?secret=\"+t,e.setAttribute(\"data-secret\",t)),e.contentWindow.postMessage({message:\"ready\",secret:t},\"*\")},!1)))}(window,document);\n\/\/# sourceURL=https:\/\/informelitoral.com.ar\/%77%70%2d%69%6e%63%6c%75%64%65%73\/js\/wp-embed.min.js\n\/* ]]> *\/\n<\/script>\n","description":"&nbsp; En la &uacute;ltima sesi&oacute;n de la C&aacute;mara de Diputados de Entre R&iacute;os, el martes 07 de mayo, a trav&eacute;s de una iniciativa del diputado Jorge Daniel Monge, el cuerpo adhiri&oacute; al duelo provocado por el fallecimiento del Director del semanario &ldquo;El Supremo&rdquo;, Ra&uacute;l Alberto Rey, reconoci&eacute;ndose y destac&aacute;ndose adem&aacute;s la honesta, trascendente y dilatada [&hellip;]","thumbnail_url":"https:\/\/informelitoral.com.ar\/%77%70%2d%63%6f%6e%74%65%6e%74\/uploads\/2013\/05\/50_Diputados-Monge.jpg","thumbnail_width":1457,"thumbnail_height":1457}

La Cámara de Diputados rindió homenaje a Raúl Rey  - Informe Litoral

<blockquote class="wp-embedded-content" data-secret="A7c842NZAh"><a href="https://informelitoral.com.ar/la-camara-de-diputados-rindio-homenaje-a-raul-rey/">La Cámara de Diputados rindió homenaje a Raúl Rey</a></blockquote><iframe sandbox="allow-scripts" security="restricted" src="https://informelitoral.com.ar/la-camara-de-diputados-rindio-homenaje-a-raul-rey/embed/#?secret=A7c842NZAh" width="600" height="338" title="«La Cámara de Diputados rindió homenaje a Raúl Rey» — Informe Litoral " data-secret="A7c842NZAh" frameborder="0" marginwidth="0" marginheight="0" scrolling="no" class="wp-embedded-content"></iframe><script type="text/javascript">
/* <![CDATA[ */
/*! This file is auto-generated */
!function(d,l){"use strict";l.querySelector&&d.addEventListener&&"undefined"!=typeof URL&&(d.wp=d.wp||{},d.wp.receiveEmbedMessage||(d.wp.receiveEmbedMessage=function(e){var t=e.data;if((t||t.secret||t.message||t.value)&&!/[^a-zA-Z0-9]/.test(t.secret)){for(var s,r,n,a=l.querySelectorAll('iframe[data-secret="'+t.secret+'"]'),o=l.querySelectorAll('blockquote[data-secret="'+t.secret+'"]'),c=new RegExp("^https?:$","i"),i=0;i<o.length;i++)o[i].style.display="none";for(i=0;i<a.length;i++)s=a[i],e.source===s.contentWindow&&(s.removeAttribute("style"),"height"===t.message?(1e3<(r=parseInt(t.value,10))?r=1e3:~~r<200&&(r=200),s.height=r):"link"===t.message&&(r=new URL(s.getAttribute("src")),n=new URL(t.value),c.test(n.protocol))&&n.host===r.host&&l.activeElement===s&&(d.top.location.href=t.value))}},d.addEventListener("message",d.wp.receiveEmbedMessage,!1),l.addEventListener("DOMContentLoaded",function(){for(var e,t,s=l.querySelectorAll("iframe.wp-embedded-content"),r=0;r<s.length;r++)(t=(e=s[r]).getAttribute("data-secret"))||(t=Math.random().toString(36).substring(2,12),e.src+="#?secret="+t,e.setAttribute("data-secret",t)),e.contentWindow.postMessage({message:"ready",secret:t},"*")},!1)))}(window,document);
//# sourceURL=https://informelitoral.com.ar/%77%70%2d%69%6e%63%6c%75%64%65%73/js/wp-embed.min.js
/* ]]> */
</script>
